CRAN Package Check Results for Package pbdSLAP

Last updated on 2025-01-19 05:49:16 CET.

Flavor Version Tinstall Tcheck Ttotal Status Flags
r-devel-linux-x86_64-debian-clang 0.3-7 163.77 46.00 209.77 OK
r-devel-linux-x86_64-debian-gcc 0.3-7 103.04 38.94 141.98 OK
r-devel-linux-x86_64-fedora-clang 0.3-7 324.32 OK
r-devel-linux-x86_64-fedora-gcc 0.3-7 392.41 OK
r-devel-windows-x86_64 0.3-7 245.00 86.00 331.00 OK
r-patched-linux-x86_64 0.3-7 143.72 44.22 187.94 OK
r-release-linux-x86_64 0.3-7 142.43 44.04 186.47 OK
r-release-macos-arm64 0.3-7 10.00 ERROR
r-release-macos-x86_64 0.3-7 11.00 ERROR
r-release-windows-x86_64 0.3-7 225.00 83.00 308.00 NOTE
r-oldrel-macos-arm64 0.3-7 10.00 ERROR
r-oldrel-macos-x86_64 0.3-7 11.00 ERROR
r-oldrel-windows-x86_64 0.3-7 213.00 81.00 294.00 NOTE

Check Details

Version: 0.3-7
Check: package dependencies
Result: ERROR Package required but not available: ‘pbdMPI’ See section ‘The DESCRIPTION file’ in the ‘Writing R Extensions’ manual. Flavors: r-release-macos-arm64, r-release-macos-x86_64, r-oldrel-macos-arm64, r-oldrel-macos-x86_64

Version: 0.3-7
Check: installed package size
Result: NOTE installed size is 5.6Mb sub-directories of 1Mb or more: lib 2.9Mb libs 2.4Mb Flavors: r-release-windows-x86_64, r-oldrel-windows-x86_64