Last updated on 2024-04-17 13:57:37 CEST.
Flavor | Version | Tinstall | Tcheck | Ttotal | Status | Flags |
---|---|---|---|---|---|---|
r-devel-linux-x86_64-debian-clang | 1.3.5 | 3.52 | 38.77 | 42.29 | OK | |
r-devel-linux-x86_64-debian-gcc | 1.3.5 | 2.97 | 30.09 | 33.06 | OK | |
r-devel-linux-x86_64-fedora-clang | 1.3.5 | 54.40 | OK | |||
r-devel-linux-x86_64-fedora-gcc | 1.3.5 | 71.97 | OK | |||
r-prerel-macos-arm64 | 1.3.5 | 26.00 | OK | |||
r-prerel-windows-x86_64 | 1.3.5 | 4.00 | 50.00 | 54.00 | OK | |
r-patched-linux-x86_64 | 1.3.5 | 2.85 | 38.04 | 40.89 | OK | |
r-release-linux-x86_64 | 1.3.5 | 3.45 | 35.66 | 39.11 | OK | |
r-release-macos-arm64 | 1.3.5 | 28.00 | OK | |||
r-release-macos-x86_64 | 1.3.5 | 38.00 | NOTE | |||
r-release-windows-x86_64 | 1.3.5 | 6.00 | 52.00 | 58.00 | OK | |
r-oldrel-macos-arm64 | 1.3.5 | 51.00 | OK | |||
r-oldrel-windows-x86_64 | 1.3.5 | 6.00 | 56.00 | 62.00 | OK |
Version: 1.3.5
Check: package dependencies
Result: NOTE
Package suggested but not available for checking: ‘PerformanceAnalytics’
Flavor: r-release-macos-x86_64