CRAN Package Check Results for Package pcadapt

Last updated on 2020-06-02 12:48:51 CEST.

Flavor Version Tinstall Tcheck Ttotal Status Flags
r-devel-linux-x86_64-debian-clang 4.3.3 95.07 44.55 139.62 OK
r-devel-linux-x86_64-debian-gcc 4.3.3 68.41 34.11 102.52 OK
r-devel-linux-x86_64-fedora-clang 4.3.3 204.57 NOTE
r-devel-linux-x86_64-fedora-gcc 4.3.3 172.24 OK
r-devel-windows-ix86+x86_64 4.3.3 275.00 118.00 393.00 NOTE
r-patched-linux-x86_64 4.3.3 69.21 43.60 112.81 OK
r-patched-solaris-x86 4.3.3 173.20 OK
r-release-linux-x86_64 4.3.3 71.24 45.77 117.01 OK
r-release-osx-x86_64 4.3.3 NOTE
r-release-windows-ix86+x86_64 4.3.3 208.00 77.00 285.00 NOTE
r-oldrel-osx-x86_64 4.3.3 NOTE
r-oldrel-windows-ix86+x86_64 4.3.3 206.00 78.00 284.00 NOTE

Check Details

Version: 4.3.3
Check: installed package size
Result: NOTE
     installed size is 7.0Mb
     sub-directories of 1Mb or more:
     extdata 2.7Mb
     libs 3.5Mb
Flavors: r-devel-linux-x86_64-fedora-clang, r-devel-windows-ix86+x86_64, r-release-osx-x86_64, r-release-windows-ix86+x86_64, r-oldrel-osx-x86_64, r-oldrel-windows-ix86+x86_64