CRAN Package Check Results for Package pcadapt

Last updated on 2019-10-20 12:46:20 CEST.

Flavor Version Tinstall Tcheck Ttotal Status Flags
r-devel-linux-x86_64-debian-clang 4.1.0 96.03 99.99 196.02 OK
r-devel-linux-x86_64-debian-gcc 4.1.0 63.72 75.71 139.43 OK
r-devel-linux-x86_64-fedora-clang 4.1.0 257.06 NOTE
r-devel-linux-x86_64-fedora-gcc 4.1.0 239.96 OK
r-devel-windows-ix86+x86_64 4.1.0 201.00 149.00 350.00 NOTE
r-patched-linux-x86_64 4.1.0 72.07 94.76 166.83 OK
r-patched-solaris-x86 4.1.0 269.80 NOTE
r-release-linux-x86_64 4.1.0 69.67 94.98 164.65 OK
r-release-windows-ix86+x86_64 4.1.0 275.00 204.00 479.00 NOTE
r-release-osx-x86_64 4.1.0 NOTE
r-oldrel-windows-ix86+x86_64 4.1.0 199.00 137.00 336.00 NOTE
r-oldrel-osx-x86_64 4.1.0 NOTE

Check Details

Version: 4.1.0
Check: installed package size
Result: NOTE
     installed size is 8.3Mb
     sub-directories of 1Mb or more:
     doc 1.9Mb
     extdata 2.7Mb
     libs 2.9Mb
Flavors: r-devel-linux-x86_64-fedora-clang, r-devel-windows-ix86+x86_64, r-patched-solaris-x86, r-release-windows-ix86+x86_64, r-release-osx-x86_64, r-oldrel-windows-ix86+x86_64, r-oldrel-osx-x86_64