Last updated on 2025-01-19 05:49:16 CET.
Flavor | Version | Tinstall | Tcheck | Ttotal | Status | Flags |
---|---|---|---|---|---|---|
r-devel-linux-x86_64-debian-clang | 4.4.0 | 56.77 | 45.40 | 102.17 | OK | |
r-devel-linux-x86_64-debian-gcc | 4.4.0 | 39.97 | 33.47 | 73.44 | OK | |
r-devel-linux-x86_64-fedora-clang | 4.4.0 | 194.02 | OK | |||
r-devel-linux-x86_64-fedora-gcc | 4.4.0 | 213.98 | OK | |||
r-devel-windows-x86_64 | 4.4.0 | 93.00 | 85.00 | 178.00 | OK | |
r-patched-linux-x86_64 | 4.4.0 | 58.34 | 41.95 | 100.29 | OK | |
r-release-linux-x86_64 | 4.4.0 | 61.94 | 42.01 | 103.95 | OK | |
r-release-macos-arm64 | 4.4.0 | 47.00 | NOTE | |||
r-release-macos-x86_64 | 4.4.0 | 52.00 | NOTE | |||
r-release-windows-x86_64 | 4.4.0 | 92.00 | 83.00 | 175.00 | OK | |
r-oldrel-macos-arm64 | 4.4.0 | 48.00 | NOTE | |||
r-oldrel-macos-x86_64 | 4.4.0 | 64.00 | NOTE | |||
r-oldrel-windows-x86_64 | 4.4.0 | 106.00 | 96.00 | 202.00 | OK |
Version: 4.4.0
Check: installed package size
Result: NOTE
installed size is 6.4Mb
sub-directories of 1Mb or more:
extdata 2.7Mb
libs 3.0Mb
Flavors: r-release-macos-arm64, r-release-macos-x86_64, r-oldrel-macos-arm64, r-oldrel-macos-x86_64