CRAN Package Check Results for Package pcaone

Last updated on 2025-01-19 05:49:16 CET.

Flavor Version Tinstall Tcheck Ttotal Status Flags
r-devel-linux-x86_64-debian-clang 1.1.0 46.92 25.74 72.66 OK
r-devel-linux-x86_64-debian-gcc 1.1.0 42.18 26.05 68.23 OK
r-devel-linux-x86_64-fedora-clang 1.1.0 120.98 OK
r-devel-linux-x86_64-fedora-gcc 1.1.0 159.19 OK
r-devel-windows-x86_64 1.1.0 55.00 71.00 126.00 OK
r-patched-linux-x86_64 1.1.0 55.27 30.53 85.80 NOTE
r-release-linux-x86_64 1.1.0 56.67 30.50 87.17 NOTE
r-release-macos-arm64 1.1.0 39.00 NOTE
r-release-macos-x86_64 1.1.0 74.00 NOTE
r-release-windows-x86_64 1.1.0 55.00 70.00 125.00 NOTE
r-oldrel-macos-arm64 1.1.0 38.00 NOTE
r-oldrel-macos-x86_64 1.1.0 72.00 NOTE
r-oldrel-windows-x86_64 1.1.0 64.00 80.00 144.00 NOTE

Check Details

Version: 1.1.0
Check: for GNU extensions in Makefiles
Result: NOTE GNU make is a SystemRequirements. Flavors: r-patched-linux-x86_64, r-release-linux-x86_64, r-release-macos-arm64, r-release-macos-x86_64, r-release-windows-x86_64, r-oldrel-macos-arm64, r-oldrel-macos-x86_64, r-oldrel-windows-x86_64

Version: 1.1.0
Check: installed package size
Result: NOTE installed size is 27.6Mb sub-directories of 1Mb or more: libs 27.5Mb Flavors: r-release-macos-arm64, r-release-macos-x86_64, r-oldrel-macos-arm64, r-oldrel-macos-x86_64