Last updated on 2025-01-19 05:49:16 CET.
Flavor | Version | Tinstall | Tcheck | Ttotal | Status | Flags |
---|---|---|---|---|---|---|
r-devel-linux-x86_64-debian-clang | 1.0.5 | 32.92 | 55.41 | 88.33 | NOTE | |
r-devel-linux-x86_64-debian-gcc | 1.0.5 | 15.15 | 42.18 | 57.33 | NOTE | |
r-devel-linux-x86_64-fedora-clang | 1.0.5 | 147.57 | NOTE | |||
r-devel-linux-x86_64-fedora-gcc | 1.0.5 | 155.53 | NOTE | |||
r-devel-windows-x86_64 | 1.0.5 | 34.00 | 96.00 | 130.00 | NOTE | |
r-patched-linux-x86_64 | 1.0.5 | 22.15 | 52.52 | 74.67 | NOTE | |
r-release-linux-x86_64 | 1.0.5 | 22.99 | 52.25 | 75.24 | NOTE | |
r-release-macos-arm64 | 1.0.5 | 53.00 | NOTE | |||
r-release-macos-x86_64 | 1.0.5 | 77.00 | NOTE | |||
r-release-windows-x86_64 | 1.0.5 | 35.00 | 100.00 | 135.00 | NOTE | |
r-oldrel-macos-arm64 | 1.0.5 | 65.00 | NOTE | |||
r-oldrel-macos-x86_64 | 1.0.5 | 90.00 | NOTE | |||
r-oldrel-windows-x86_64 | 1.0.5 | 45.00 | 107.00 | 152.00 | NOTE |
Version: 1.0.5
Check: C++ specification
Result: NOTE
Specified C++11: please drop specification unless essential
Flavors: r-devel-linux-x86_64-debian-clang, r-devel-linux-x86_64-debian-gcc, r-devel-linux-x86_64-fedora-clang, r-devel-linux-x86_64-fedora-gcc, r-devel-windows-x86_64, r-patched-linux-x86_64, r-release-linux-x86_64, r-release-macos-arm64, r-release-macos-x86_64, r-release-windows-x86_64, r-oldrel-macos-arm64, r-oldrel-macos-x86_64, r-oldrel-windows-x86_64