Last updated on 2024-05-01 16:53:04 CEST.
Flavor | Version | Tinstall | Tcheck | Ttotal | Status | Flags |
---|---|---|---|---|---|---|
r-devel-linux-x86_64-debian-clang | 0.1.8 | 60.27 | 361.06 | 421.33 | OK | |
r-devel-linux-x86_64-debian-gcc | 0.1.8 | 39.54 | 257.36 | 296.90 | OK | |
r-devel-linux-x86_64-fedora-clang | 0.1.8 | 515.54 | OK | |||
r-devel-linux-x86_64-fedora-gcc | 0.1.8 | 556.10 | OK | |||
r-devel-windows-x86_64 | 0.1.8 | 35.00 | 287.00 | 322.00 | OK | |
r-patched-linux-x86_64 | 0.1.8 | 42.68 | 338.05 | 380.73 | OK | |
r-release-linux-x86_64 | 0.1.8 | 33.85 | 343.08 | 376.93 | OK | |
r-release-macos-arm64 | 0.1.8 | 199.00 | NOTE | |||
r-release-windows-x86_64 | 0.1.8 | 39.00 | 283.00 | 322.00 | OK | |
r-oldrel-macos-arm64 | 0.1.8 | 135.00 | OK | |||
r-oldrel-macos-x86_64 | 0.1.8 | 269.00 | NOTE | |||
r-oldrel-windows-x86_64 | 0.1.8 | 45.00 | 338.00 | 383.00 | OK |
Version: 0.1.8
Check: installed package size
Result: NOTE
installed size is 5.4Mb
sub-directories of 1Mb or more:
R 2.0Mb
doc 1.7Mb
help 1.4Mb
Flavors: r-release-macos-arm64, r-oldrel-macos-x86_64