Last updated on 2025-01-19 05:49:16 CET.
Flavor | Version | Tinstall | Tcheck | Ttotal | Status | Flags |
---|---|---|---|---|---|---|
r-devel-linux-x86_64-debian-clang | 1.1.1.0 | 29.18 | 616.16 | 645.34 | OK | |
r-devel-linux-x86_64-debian-gcc | 1.1.1.0 | 18.61 | 422.25 | 440.86 | OK | |
r-devel-linux-x86_64-fedora-clang | 1.1.1.0 | 1130.52 | OK | |||
r-devel-linux-x86_64-fedora-gcc | 1.1.1.0 | 1039.41 | OK | |||
r-devel-windows-x86_64 | 1.1.1.0 | 26.00 | 591.00 | 617.00 | OK | |
r-patched-linux-x86_64 | 1.1.1.0 | 20.36 | 592.28 | 612.64 | NOTE | |
r-release-linux-x86_64 | 1.1.1.0 | 23.52 | 594.69 | 618.21 | NOTE | |
r-release-macos-arm64 | 1.1.1.0 | 201.00 | NOTE | |||
r-release-macos-x86_64 | 1.1.1.0 | 350.00 | NOTE | |||
r-release-windows-x86_64 | 1.1.1.0 | 26.00 | 605.00 | 631.00 | NOTE | |
r-oldrel-macos-arm64 | 1.1.1.0 | 272.00 | NOTE | |||
r-oldrel-macos-x86_64 | 1.1.1.0 | 367.00 | NOTE | |||
r-oldrel-windows-x86_64 | 1.1.1.0 | 35.00 | 719.00 | 754.00 | NOTE |
Version: 1.1.1.0
Check: package dependencies
Result: NOTE
Package suggested but not available for checking: ‘cmdstanr’
Flavors: r-patched-linux-x86_64, r-release-linux-x86_64, r-release-macos-arm64, r-release-macos-x86_64, r-release-windows-x86_64, r-oldrel-macos-arm64, r-oldrel-macos-x86_64, r-oldrel-windows-x86_64