CRAN Package Check Results for Package pdftools

Last updated on 2025-01-19 05:49:16 CET.

Flavor Version Tinstall Tcheck Ttotal Status Flags
r-devel-linux-x86_64-debian-clang 3.4.1 14.65 29.38 44.03 OK
r-devel-linux-x86_64-debian-gcc 3.4.1 12.29 23.75 36.04 OK
r-devel-linux-x86_64-fedora-clang 3.4.1 80.87 OK
r-devel-linux-x86_64-fedora-gcc 3.4.1 83.88 OK
r-devel-windows-x86_64 3.4.1 38.00 134.00 172.00 OK
r-patched-linux-x86_64 3.4.1 15.32 28.04 43.36 OK
r-release-linux-x86_64 3.4.1 16.81 28.35 45.16 OK
r-release-macos-arm64 3.4.1 31.00 NOTE
r-release-macos-x86_64 3.4.1 58.00 NOTE
r-release-windows-x86_64 3.4.1 38.00 135.00 173.00 NOTE
r-oldrel-macos-arm64 3.4.1 33.00 NOTE
r-oldrel-macos-x86_64 3.4.1 56.00 NOTE
r-oldrel-windows-x86_64 3.4.1 40.00 132.00 172.00 NOTE

Check Details

Version: 3.4.1
Check: installed package size
Result: NOTE installed size is 21.2Mb sub-directories of 1Mb or more: libs 8.4Mb share 12.8Mb Flavors: r-release-macos-arm64, r-release-macos-x86_64, r-release-windows-x86_64, r-oldrel-macos-arm64, r-oldrel-macos-x86_64, r-oldrel-windows-x86_64