CRAN Package Check Results for Package pdmod

Last updated on 2025-01-19 05:49:16 CET.

Flavor Version Tinstall Tcheck Ttotal Status Flags
r-devel-linux-x86_64-debian-clang 1.0.1 2.78 44.36 47.14 NOTE
r-devel-linux-x86_64-debian-gcc 1.0.1 2.08 31.16 33.24 NOTE
r-devel-linux-x86_64-fedora-clang 1.0.1 77.37 OK
r-devel-linux-x86_64-fedora-gcc 1.0.1 93.49 OK
r-devel-windows-x86_64 1.0.1 5.00 74.00 79.00 NOTE
r-patched-linux-x86_64 1.0.1 3.93 43.29 47.22 OK
r-release-linux-x86_64 1.0.1 2.31 44.04 46.35 OK
r-release-macos-arm64 1.0.1 29.00 OK
r-release-macos-x86_64 1.0.1 43.00 OK
r-release-windows-x86_64 1.0.1 7.00 81.00 88.00 OK
r-oldrel-macos-arm64 1.0.1 38.00 OK
r-oldrel-macos-x86_64 1.0.1 58.00 OK
r-oldrel-windows-x86_64 1.0.1 6.00 80.00 86.00 OK

Check Details

Version: 1.0.1
Check: Rd cross-references
Result: NOTE Found the following Rd file(s) with Rd \link{} targets missing package anchors: fitModel.Rd: nsga2 Please provide package anchors for all Rd \link{} targets not in the package itself and the base packages. Flavors: r-devel-linux-x86_64-debian-clang, r-devel-linux-x86_64-debian-gcc, r-devel-windows-x86_64