CRAN Package Check Results for Package pedbuildr

Last updated on 2025-01-19 05:49:16 CET.

Flavor Version Tinstall Tcheck Ttotal Status Flags
r-devel-linux-x86_64-debian-clang 0.3.0 7.81 65.51 73.32 OK
r-devel-linux-x86_64-debian-gcc 0.3.0 5.16 48.73 53.89 OK
r-devel-linux-x86_64-fedora-clang 0.3.0 121.41 OK
r-devel-linux-x86_64-fedora-gcc 0.3.0 120.00 OK
r-devel-windows-x86_64 0.3.0 9.00 0.00 9.00 FAIL
r-patched-linux-x86_64 0.3.0 7.69 61.58 69.27 OK
r-release-linux-x86_64 0.3.0 8.11 62.10 70.21 OK
r-release-macos-arm64 0.3.0 36.00 OK
r-release-macos-x86_64 0.3.0 52.00 OK
r-release-windows-x86_64 0.3.0 9.00 78.00 87.00 OK
r-oldrel-macos-arm64 0.3.0 39.00 OK
r-oldrel-macos-x86_64 0.3.0 73.00 OK
r-oldrel-windows-x86_64 0.3.0 11.00 90.00 101.00 OK

Check Details

Version: 0.3.0
Check: PDF version of manual
Result: FAIL Check process probably crashed or hung up for 20 minutes ... killed Most likely this happened in the example checks (?), if not, ignore the following last lines of example output: [[2]] id fid mid sex <1> <2> <3> <4> <5> 2 * * 1 1/1 1/2 1/2 2/2 1/2 Only 5 (out of 100) markers are shown. [[3]] id fid mid sex <1> <2> <3> <4> <5> 3 * * 1 1/1 1/2 1/2 2/2 1/1 Only 5 (out of 100) markers are shown. > > > > > ### * <FOOTER> > ### > cleanEx() > options(digits = 7L) > base::cat("Time elapsed: ", proc.time() - base::get("ptime", pos = 'CheckExEnv'),"\n") Time elapsed: 3.9 0.25 4.16 NA NA > grDevices::dev.off() null device 1 > ### > ### Local variables: *** > ### mode: outline-minor *** > ### outline-regexp: "\\(> \\)?### [*]+" *** > ### End: *** > quit('no') ======== End of example output (where/before crash/hang up occured ?) ======== Flavor: r-devel-windows-x86_64