Last updated on 2025-01-19 05:49:16 CET.
Flavor | Version | Tinstall | Tcheck | Ttotal | Status | Flags |
---|---|---|---|---|---|---|
r-devel-linux-x86_64-debian-clang | 0.9.4 | 8.52 | 64.90 | 73.42 | NOTE | |
r-devel-linux-x86_64-debian-gcc | 0.9.4 | 5.16 | 47.93 | 53.09 | NOTE | |
r-devel-linux-x86_64-fedora-clang | 0.9.4 | 117.63 | OK | |||
r-devel-linux-x86_64-fedora-gcc | 0.9.4 | 117.66 | OK | |||
r-devel-windows-x86_64 | 0.9.4 | 9.00 | 80.00 | 89.00 | NOTE | |
r-patched-linux-x86_64 | 0.9.4 | 12.04 | 60.66 | 72.70 | OK | |
r-release-linux-x86_64 | 0.9.4 | 8.47 | 60.90 | 69.37 | OK | |
r-release-macos-arm64 | 0.9.4 | 34.00 | OK | |||
r-release-macos-x86_64 | 0.9.4 | 51.00 | OK | |||
r-release-windows-x86_64 | 0.9.4 | 9.00 | 82.00 | 91.00 | OK | |
r-oldrel-macos-arm64 | 0.9.4 | 38.00 | OK | |||
r-oldrel-macos-x86_64 | 0.9.4 | 90.00 | OK | |||
r-oldrel-windows-x86_64 | 0.9.4 | 11.00 | 88.00 | 99.00 | OK |
Version: 0.9.4
Check: Rd cross-references
Result: NOTE
Found the following Rd file(s) with Rd \link{} targets missing package
anchors:
genoCombinations.Rd: ped, marker
likelihood.Rd: marker, breakLoops
merlin.Rd: ped
oneMarkerDistribution.Rd: breakLoops
twoMarkerDistribution.Rd: breakLoops
Please provide package anchors for all Rd \link{} targets not in the
package itself and the base packages.
Flavors: r-devel-linux-x86_64-debian-clang, r-devel-linux-x86_64-debian-gcc, r-devel-windows-x86_64