Last updated on 2025-01-19 05:49:16 CET.
Flavor | Version | Tinstall | Tcheck | Ttotal | Status | Flags |
---|---|---|---|---|---|---|
r-devel-linux-x86_64-debian-clang | 1.3 | 12.17 | 88.02 | 100.19 | OK | |
r-devel-linux-x86_64-debian-gcc | 1.3 | 8.09 | 59.84 | 67.93 | OK | |
r-devel-linux-x86_64-fedora-clang | 1.3 | 159.53 | OK | |||
r-devel-linux-x86_64-fedora-gcc | 1.3 | 172.93 | OK | |||
r-devel-windows-x86_64 | 1.3 | 14.00 | 150.00 | 164.00 | OK | |
r-patched-linux-x86_64 | 1.3 | 11.13 | 81.54 | 92.67 | OK | |
r-release-linux-x86_64 | 1.3 | 10.66 | 82.76 | 93.42 | OK | |
r-release-macos-arm64 | 1.3 | 50.00 | OK | |||
r-release-macos-x86_64 | 1.3 | 83.00 | OK | |||
r-release-windows-x86_64 | 1.3 | 14.00 | 160.00 | 174.00 | OK | |
r-oldrel-macos-arm64 | 1.3 | 72.00 | NOTE | |||
r-oldrel-macos-x86_64 | 1.3 | 152.00 | OK | |||
r-oldrel-windows-x86_64 | 1.3 | 18.00 | 161.00 | 179.00 | OK |
Version: 1.3
Check: package dependencies
Result: NOTE
Package suggested but not available for checking: ‘snpStats’
Flavor: r-oldrel-macos-arm64