Last updated on 2024-03-28 14:48:37 CET.
Flavor | Version | Tinstall | Tcheck | Ttotal | Status | Flags |
---|---|---|---|---|---|---|
r-devel-linux-x86_64-debian-clang | 0.2.29.1 | 73.23 | 421.50 | 494.73 | NOTE | |
r-devel-linux-x86_64-debian-gcc | 0.2.29.1 | 47.75 | 298.86 | 346.61 | NOTE | |
r-devel-linux-x86_64-fedora-clang | 0.2.29.1 | 581.75 | NOTE | |||
r-devel-linux-x86_64-fedora-gcc | 0.2.29.1 | 575.76 | NOTE | |||
r-devel-windows-x86_64 | 0.2.29.1 | 54.00 | 268.00 | 322.00 | NOTE | |
r-patched-linux-x86_64 | 0.2.29.1 | 60.25 | 391.90 | 452.15 | NOTE | |
r-release-linux-x86_64 | 0.2.29.1 | 42.26 | 400.33 | 442.59 | OK | |
r-release-macos-arm64 | 0.2.29.1 | 139.00 | OK | |||
r-release-macos-x86_64 | 0.2.29.1 | 247.00 | OK | |||
r-release-windows-x86_64 | 0.2.29.1 | 72.00 | 371.00 | 443.00 | OK | |
r-oldrel-macos-arm64 | 0.2.29.1 | 112.00 | OK | |||
r-oldrel-windows-x86_64 | 0.2.29.1 | 69.00 | 345.00 | 414.00 | OK |
Version: 0.2.29.1
Check: Rd files
Result: NOTE
checkRd: (-1) 5.1.pems.plots.Rd:212: Lost braces; missing escapes or markup?
212 | (Logical or character) For {WatsonPlot}, how to
| ^
checkRd: (-1) 5.1.pems.plots.Rd:221: Lost braces; missing escapes or markup?
221 | (numeric) For {WatsonPlot}, pre-set plot types:
| ^
checkRd: (-1) 6.2.check.functions.Rd:189: Lost braces
189 | If a parent function is identified as \code{fun.name} and the check case (code{input},
| ^
checkRd: (-1) 7.1.vsp.code.Rd:89: Lost braces
89 | code{\link{common.calculations}} for further details.
| ^
checkRd: (-1) 7.2.emissions.code.Rd:90: Lost braces
90 | emissions calculation methods. It accepts an input code{conc} which it checks and passes
| ^
checkRd: (-1) 8.1.tidyverse.tools.Rd:139: Lost braces
139 | (\code{pems}, code{data.frame}, etc) to
| ^
Flavors: r-devel-linux-x86_64-debian-clang, r-devel-linux-x86_64-debian-gcc, r-devel-linux-x86_64-fedora-clang, r-devel-linux-x86_64-fedora-gcc, r-devel-windows-x86_64, r-patched-linux-x86_64