Last updated on 2025-01-19 05:49:16 CET.
Flavor | Version | Tinstall | Tcheck | Ttotal | Status | Flags |
---|---|---|---|---|---|---|
r-devel-linux-x86_64-debian-clang | 0.2 | 15.05 | 102.77 | 117.82 | NOTE | |
r-devel-linux-x86_64-debian-gcc | 0.2 | 9.77 | 71.43 | 81.20 | NOTE | |
r-devel-linux-x86_64-fedora-clang | 0.2 | 192.67 | NOTE | |||
r-devel-linux-x86_64-fedora-gcc | 0.2 | 193.17 | NOTE | |||
r-devel-windows-x86_64 | 0.2 | 17.00 | 104.00 | 121.00 | NOTE | |
r-patched-linux-x86_64 | 0.2 | 14.59 | 92.13 | 106.72 | NOTE | |
r-release-linux-x86_64 | 0.2 | 15.11 | 93.34 | 108.45 | NOTE | |
r-release-macos-arm64 | 0.2 | 47.00 | NOTE | |||
r-release-macos-x86_64 | 0.2 | 69.00 | NOTE | |||
r-release-windows-x86_64 | 0.2 | 17.00 | 110.00 | 127.00 | NOTE | |
r-oldrel-macos-arm64 | 0.2 | 64.00 | NOTE | |||
r-oldrel-macos-x86_64 | 0.2 | 91.00 | NOTE | |||
r-oldrel-windows-x86_64 | 0.2 | 20.00 | 129.00 | 149.00 | NOTE |
Version: 0.2
Check: Rd files
Result: NOTE
checkRd: (-1) my.bspline.Rd:38: Escaped LaTeX specials: \$ \$ \$
Flavors: r-devel-linux-x86_64-debian-clang, r-devel-linux-x86_64-debian-gcc, r-devel-linux-x86_64-fedora-clang, r-devel-linux-x86_64-fedora-gcc, r-devel-windows-x86_64, r-patched-linux-x86_64, r-release-linux-x86_64, r-release-macos-arm64, r-release-macos-x86_64, r-release-windows-x86_64, r-oldrel-macos-arm64, r-oldrel-macos-x86_64, r-oldrel-windows-x86_64