Last updated on 2025-01-19 05:49:16 CET.
Flavor | Version | Tinstall | Tcheck | Ttotal | Status | Flags |
---|---|---|---|---|---|---|
r-devel-linux-x86_64-debian-clang | 0.2.3 | 40.15 | 104.70 | 144.85 | OK | |
r-devel-linux-x86_64-debian-gcc | 0.2.3 | 27.06 | 77.63 | 104.69 | OK | |
r-devel-linux-x86_64-fedora-clang | 0.2.3 | 241.40 | NOTE | |||
r-devel-linux-x86_64-fedora-gcc | 0.2.3 | 254.69 | NOTE | |||
r-devel-windows-x86_64 | 0.2.3 | 42.00 | 159.00 | 201.00 | OK | |
r-patched-linux-x86_64 | 0.2.3 | 38.21 | 101.97 | 140.18 | OK | |
r-release-linux-x86_64 | 0.2.3 | 36.25 | 101.53 | 137.78 | OK | |
r-release-macos-arm64 | 0.2.3 | 70.00 | NOTE | |||
r-release-macos-x86_64 | 0.2.3 | 183.00 | NOTE | |||
r-release-windows-x86_64 | 0.2.3 | 41.00 | 158.00 | 199.00 | OK | |
r-oldrel-macos-arm64 | 0.2.3 | 109.00 | NOTE | |||
r-oldrel-macos-x86_64 | 0.2.3 | 137.00 | NOTE | |||
r-oldrel-windows-x86_64 | 0.2.3 | 49.00 | 161.00 | 210.00 | OK |
Version: 0.2.3
Check: dependencies in R code
Result: NOTE
Namespace in Imports field not imported from: ‘fixest’
All declared Imports should be used.
Flavors: r-devel-linux-x86_64-fedora-clang, r-devel-linux-x86_64-fedora-gcc
Version: 0.2.3
Check: installed package size
Result: NOTE
installed size is 11.2Mb
sub-directories of 1Mb or more:
data 1.8Mb
libs 9.1Mb
Flavors: r-release-macos-arm64, r-release-macos-x86_64, r-oldrel-macos-arm64, r-oldrel-macos-x86_64