Last updated on 2024-03-27 20:50:05 CET.
Flavor | Version | Tinstall | Tcheck | Ttotal | Status | Flags |
---|---|---|---|---|---|---|
r-devel-linux-x86_64-debian-clang | 2.2.0 | 454.90 | 155.84 | 610.74 | OK | |
r-devel-linux-x86_64-debian-gcc | 2.2.0 | 426.03 | 111.88 | 537.91 | OK | |
r-devel-linux-x86_64-fedora-clang | 2.2.0 | 837.09 | NOTE | |||
r-devel-linux-x86_64-fedora-gcc | 2.2.0 | 1031.07 | OK | |||
r-devel-windows-x86_64 | 2.2.0 | 361.00 | 161.00 | 522.00 | OK | |
r-patched-linux-x86_64 | 2.2.0 | 476.31 | 150.17 | 626.48 | OK | |
r-release-linux-x86_64 | 2.2.0 | 516.49 | 149.50 | 665.99 | OK | |
r-release-macos-arm64 | 2.2.0 | 248.00 | NOTE | |||
r-release-macos-x86_64 | 2.2.0 | 407.00 | NOTE | |||
r-release-windows-x86_64 | 2.2.0 | 454.00 | 190.00 | 644.00 | OK | |
r-oldrel-macos-arm64 | 2.2.0 | 218.00 | NOTE | |||
r-oldrel-windows-x86_64 | 2.2.0 | 415.00 | 183.00 | 598.00 | OK |
Version: 2.2.0
Check: installed package size
Result: NOTE
installed size is 5.4Mb
sub-directories of 1Mb or more:
libs 4.2Mb
Flavors: r-devel-linux-x86_64-fedora-clang, r-release-macos-arm64, r-release-macos-x86_64, r-oldrel-macos-arm64