Last updated on 2025-01-19 05:49:16 CET.
Flavor | Version | Tinstall | Tcheck | Ttotal | Status | Flags |
---|---|---|---|---|---|---|
r-devel-linux-x86_64-debian-clang | 2.2.2 | 347.04 | 121.00 | 468.04 | OK | |
r-devel-linux-x86_64-debian-gcc | 2.2.2 | 283.06 | 86.40 | 369.46 | OK | |
r-devel-linux-x86_64-fedora-clang | 2.2.2 | 797.59 | OK | |||
r-devel-linux-x86_64-fedora-gcc | 2.2.2 | 1066.05 | OK | |||
r-devel-windows-x86_64 | 2.2.2 | 330.00 | 208.00 | 538.00 | OK | |
r-patched-linux-x86_64 | 2.2.2 | 390.19 | 112.31 | 502.50 | OK | |
r-release-linux-x86_64 | 2.2.2 | 384.56 | 112.63 | 497.19 | OK | |
r-release-macos-arm64 | 2.2.2 | 207.00 | NOTE | |||
r-release-macos-x86_64 | 2.2.2 | 405.00 | NOTE | |||
r-release-windows-x86_64 | 2.2.2 | 330.00 | 190.00 | 520.00 | OK | |
r-oldrel-macos-arm64 | 2.2.2 | 211.00 | NOTE | |||
r-oldrel-macos-x86_64 | 2.2.2 | 278.00 | NOTE | |||
r-oldrel-windows-x86_64 | 2.2.2 | 363.00 | 192.00 | 555.00 | OK |
Version: 2.2.2
Check: installed package size
Result: NOTE
installed size is 52.4Mb
sub-directories of 1Mb or more:
libs 51.2Mb
Flavors: r-release-macos-arm64, r-release-macos-x86_64, r-oldrel-macos-arm64, r-oldrel-macos-x86_64