CRAN Package Check Results for Package petro.One

Last updated on 2020-07-12 12:47:39 CEST.

Flavor Version Tinstall Tcheck Ttotal Status Flags
r-devel-linux-x86_64-debian-clang 0.2.3 14.29 147.46 161.75 NOTE
r-devel-linux-x86_64-debian-gcc 0.2.3 11.74 112.08 123.82 NOTE
r-devel-linux-x86_64-fedora-clang 0.2.3 202.83 NOTE
r-devel-linux-x86_64-fedora-gcc 0.2.3 193.65 NOTE
r-devel-windows-ix86+x86_64 0.2.3 25.00 412.00 437.00 OK
r-patched-linux-x86_64 0.2.3 12.29 144.91 157.20 NOTE
r-release-linux-x86_64 0.2.3 13.36 144.69 158.05 NOTE
r-release-macos-x86_64 0.2.3 NOTE
r-release-windows-ix86+x86_64 0.2.3 38.00 446.00 484.00 OK
r-oldrel-macos-x86_64 0.2.3 NOTE
r-oldrel-windows-ix86+x86_64 0.2.3 33.00 401.00 434.00 OK

Check Details

Version: 0.2.3
Check: for non-standard things in the check directory
Result: NOTE
    Found the following files/directories:
     'neural_network-s0000r1000.html' 'neural_network-s1000r1000.html'
     'neural_network-s2000r1000.html' 'neural_network-s3000r1000.html'
Flavors: r-devel-linux-x86_64-debian-clang, r-devel-linux-x86_64-debian-gcc, r-devel-linux-x86_64-fedora-clang, r-devel-linux-x86_64-fedora-gcc, r-patched-linux-x86_64, r-release-linux-x86_64

Version: 0.2.3
Check: dependencies in R code
Result: NOTE
    Namespaces in Imports field not imported from:
     ‘Rgraphviz’ ‘SnowballC’ ‘cluster’ ‘graph’
     All declared Imports should be used.
Flavors: r-devel-linux-x86_64-fedora-clang, r-devel-linux-x86_64-fedora-gcc, r-release-macos-x86_64, r-oldrel-macos-x86_64