CRAN Package Check Results for Package pgraph

Last updated on 2025-01-19 05:49:16 CET.

Flavor Version Tinstall Tcheck Ttotal Status Flags
r-devel-linux-x86_64-debian-clang 1.6 6.62 57.28 63.90 OK
r-devel-linux-x86_64-debian-gcc 1.6 4.85 43.20 48.05 OK
r-devel-linux-x86_64-fedora-clang 1.6 103.92 OK
r-devel-linux-x86_64-fedora-gcc 1.6 103.20 OK
r-devel-windows-x86_64 1.6 7.00 70.00 77.00 OK
r-patched-linux-x86_64 1.6 7.08 54.39 61.47 NOTE
r-release-linux-x86_64 1.6 6.53 54.36 60.89 NOTE
r-release-macos-arm64 1.6 32.00 NOTE
r-release-macos-x86_64 1.6 47.00 NOTE
r-release-windows-x86_64 1.6 7.00 72.00 79.00 NOTE
r-oldrel-macos-arm64 1.6 34.00 NOTE
r-oldrel-macos-x86_64 1.6 57.00 NOTE
r-oldrel-windows-x86_64 1.6 8.00 84.00 92.00 NOTE

Check Details

Version: 1.6
Check: LazyData
Result: NOTE 'LazyData' is specified without a 'data' directory Flavors: r-patched-linux-x86_64, r-release-linux-x86_64, r-release-macos-arm64, r-release-macos-x86_64, r-release-windows-x86_64, r-oldrel-macos-arm64, r-oldrel-macos-x86_64, r-oldrel-windows-x86_64