Last updated on 2025-01-19 05:49:16 CET.
Flavor | Version | Tinstall | Tcheck | Ttotal | Status | Flags |
---|---|---|---|---|---|---|
r-devel-linux-x86_64-debian-clang | 0.2.1 | 124.80 | 207.65 | 332.45 | OK | |
r-devel-linux-x86_64-debian-gcc | 0.2.1 | 118.17 | 166.00 | 284.17 | OK | |
r-devel-linux-x86_64-fedora-clang | 0.2.1 | 615.89 | OK | |||
r-devel-linux-x86_64-fedora-gcc | 0.2.1 | 494.96 | OK | |||
r-devel-windows-x86_64 | 0.2.1 | 137.00 | 296.00 | 433.00 | OK | |
r-patched-linux-x86_64 | 0.2.1 | 130.79 | 213.07 | 343.86 | NOTE | |
r-release-linux-x86_64 | 0.2.1 | 142.80 | 214.84 | 357.64 | NOTE | |
r-release-macos-arm64 | 0.2.1 | 137.00 | NOTE | |||
r-release-macos-x86_64 | 0.2.1 | 388.00 | NOTE | |||
r-release-windows-x86_64 | 0.2.1 | 120.00 | 288.00 | 408.00 | NOTE | |
r-oldrel-macos-arm64 | 0.2.1 | 111.00 | NOTE | |||
r-oldrel-macos-x86_64 | 0.2.1 | 249.00 | NOTE | |||
r-oldrel-windows-x86_64 | 0.2.1 | 168.00 | 321.00 | 489.00 | NOTE |
Version: 0.2.1
Check: for GNU extensions in Makefiles
Result: NOTE
GNU make is a SystemRequirements.
Flavors: r-patched-linux-x86_64, r-release-linux-x86_64, r-release-macos-arm64, r-release-macos-x86_64, r-release-windows-x86_64, r-oldrel-macos-arm64, r-oldrel-macos-x86_64, r-oldrel-windows-x86_64
Version: 0.2.1
Check: installed package size
Result: NOTE
installed size is 40.7Mb
sub-directories of 1Mb or more:
libs 40.4Mb
Flavors: r-release-macos-arm64, r-release-macos-x86_64, r-oldrel-macos-arm64, r-oldrel-macos-x86_64