CRAN Package Check Results for Package phase1RMD

Last updated on 2025-01-19 05:49:16 CET.

Flavor Version Tinstall Tcheck Ttotal Status Flags
r-devel-linux-x86_64-debian-clang 1.0.9 8.79 54.91 63.70 OK
r-devel-linux-x86_64-debian-gcc 1.0.9 6.31 39.67 45.98 OK
r-devel-linux-x86_64-fedora-clang 1.0.9 106.10 OK
r-devel-linux-x86_64-fedora-gcc 1.0.9 103.62 OK
r-devel-windows-x86_64 1.0.9 10.00 69.00 79.00 OK
r-patched-linux-x86_64 1.0.9 8.03 51.54 59.57 OK
r-release-linux-x86_64 1.0.9 8.69 51.86 60.55 OK
r-release-macos-arm64 1.0.9 28.00 OK
r-release-macos-x86_64 1.0.9 46.00 OK
r-release-windows-x86_64 1.0.9 11.00 71.00 82.00 OK
r-oldrel-macos-arm64 1.0.9 31.00 OK
r-oldrel-macos-x86_64 1.0.9 48.00 NOTE
r-oldrel-windows-x86_64 1.0.9 12.00 82.00 94.00 OK

Check Details

Version: 1.0.9
Check: package dependencies
Result: NOTE Package suggested but not available for checking: ‘BiocParallel’ Flavor: r-oldrel-macos-x86_64