CRAN Package Check Results for Package pheble

Last updated on 2025-01-19 05:49:16 CET.

Flavor Version Tinstall Tcheck Ttotal Status Flags
r-devel-linux-x86_64-debian-clang 0.1.0 3.68 30.15 33.83 OK
r-devel-linux-x86_64-debian-gcc 0.1.0 2.66 22.72 25.38 OK
r-devel-linux-x86_64-fedora-clang 0.1.0 56.72 NOTE
r-devel-linux-x86_64-fedora-gcc 0.1.0 52.97 NOTE
r-devel-windows-x86_64 0.1.0 6.00 54.00 60.00 OK
r-patched-linux-x86_64 0.1.0 3.88 28.48 32.36 NOTE
r-release-linux-x86_64 0.1.0 3.45 28.84 32.29 NOTE
r-release-macos-arm64 0.1.0 20.00 OK
r-release-macos-x86_64 0.1.0 27.00 OK
r-release-windows-x86_64 0.1.0 7.00 56.00 63.00 OK
r-oldrel-macos-arm64 0.1.0 23.00 OK
r-oldrel-macos-x86_64 0.1.0 41.00 OK
r-oldrel-windows-x86_64 0.1.0 8.00 57.00 65.00 OK

Check Details

Version: 0.1.0
Check: dependencies in R code
Result: NOTE Namespaces in Imports field not imported from: ‘C50’ ‘HDclassif’ ‘MASS’ ‘MLmetrics’ ‘Matrix’ ‘adabag’ ‘base’ ‘caTools’ ‘e1071’ ‘earth’ ‘evtree’ ‘frbs’ ‘glmnet’ ‘hda’ ‘ipred’ ‘kernlab’ ‘kknn’ ‘klaR’ ‘mda’ ‘nnet’ ‘party’ ‘pls’ ‘randomForest’ ‘rpartScore’ ‘sparseLDA’ ‘themis’ All declared Imports should be used. Flavors: r-devel-linux-x86_64-fedora-clang, r-devel-linux-x86_64-fedora-gcc

Version: 0.1.0
Check: package dependencies
Result: NOTE Package suggested but not available for checking: ‘h2o’ Flavors: r-patched-linux-x86_64, r-release-linux-x86_64