CRAN Package Check Results for Package phonTools

Last updated on 2020-05-31 12:47:33 CEST.

Flavor Version Tinstall Tcheck Ttotal Status Flags
r-devel-linux-x86_64-debian-clang 0.2-2.1 6.90 59.55 66.45 NOTE
r-devel-linux-x86_64-debian-gcc 0.2-2.1 5.65 46.90 52.55 NOTE
r-devel-linux-x86_64-fedora-clang 0.2-2.1 79.09 NOTE
r-devel-linux-x86_64-fedora-gcc 0.2-2.1 80.18 NOTE
r-devel-windows-ix86+x86_64 0.2-2.1 16.00 75.00 91.00 OK
r-patched-linux-x86_64 0.2-2.1 7.04 59.45 66.49 NOTE
r-patched-solaris-x86 0.2-2.1 107.10 NOTE
r-release-linux-x86_64 0.2-2.1 5.89 60.11 66.00 NOTE
r-release-osx-x86_64 0.2-2.1 OK
r-release-windows-ix86+x86_64 0.2-2.1 11.00 81.00 92.00 OK
r-oldrel-osx-x86_64 0.2-2.1 OK
r-oldrel-windows-ix86+x86_64 0.2-2.1 9.00 90.00 99.00 OK

Check Details

Version: 0.2-2.1
Check: for non-standard things in the check directory
Result: NOTE
    Found the following files/directories:
     '1khz.wav' 'snd.wav'
Flavors: r-devel-linux-x86_64-debian-clang, r-devel-linux-x86_64-debian-gcc, r-devel-linux-x86_64-fedora-clang, r-devel-linux-x86_64-fedora-gcc, r-patched-linux-x86_64, r-patched-solaris-x86, r-release-linux-x86_64