Last updated on 2025-01-19 05:49:16 CET.
Flavor | Version | Tinstall | Tcheck | Ttotal | Status | Flags |
---|---|---|---|---|---|---|
r-devel-linux-x86_64-debian-clang | 2.1.5 | 10.79 | 224.10 | 234.89 | OK | |
r-devel-linux-x86_64-debian-gcc | 2.1.5 | 6.71 | 151.57 | 158.28 | OK | |
r-devel-linux-x86_64-fedora-clang | 2.1.5 | 390.83 | OK | |||
r-devel-linux-x86_64-fedora-gcc | 2.1.5 | 398.10 | OK | |||
r-devel-windows-x86_64 | 2.1.5 | 13.00 | 250.00 | 263.00 | OK | |
r-patched-linux-x86_64 | 2.1.5 | 12.06 | 208.35 | 220.41 | OK | |
r-release-linux-x86_64 | 2.1.5 | 8.95 | 206.86 | 215.81 | OK | |
r-release-macos-arm64 | 2.1.5 | 109.00 | NOTE | |||
r-release-macos-x86_64 | 2.1.5 | 154.00 | NOTE | |||
r-release-windows-x86_64 | 2.1.5 | 13.00 | 232.00 | 245.00 | NOTE | |
r-oldrel-macos-arm64 | 2.1.5 | 125.00 | NOTE | |||
r-oldrel-macos-x86_64 | 2.1.5 | 161.00 | NOTE | |||
r-oldrel-windows-x86_64 | 2.1.5 | 15.00 | 269.00 | 284.00 | NOTE |
Version: 2.1.5
Check: installed package size
Result: NOTE
installed size is 7.3Mb
sub-directories of 1Mb or more:
doc 6.2Mb
Flavors: r-release-macos-arm64, r-release-macos-x86_64, r-release-windows-x86_64, r-oldrel-macos-arm64, r-oldrel-macos-x86_64, r-oldrel-windows-x86_64