Last updated on 2024-04-21 13:55:41 CEST.
Flavor | Version | Tinstall | Tcheck | Ttotal | Status | Flags |
---|---|---|---|---|---|---|
r-devel-linux-x86_64-debian-clang | 3.7.6 | 390.98 | 40.88 | 431.86 | OK | |
r-devel-linux-x86_64-debian-gcc | 3.7.6 | 379.50 | 31.50 | 411.00 | OK | |
r-devel-linux-x86_64-fedora-clang | 3.7.6 | 786.49 | OK | |||
r-devel-linux-x86_64-fedora-gcc | 3.7.6 | 771.05 | OK | |||
r-prerel-macos-arm64 | 3.7.6 | 155.00 | NOTE | |||
r-prerel-windows-x86_64 | 3.7.6 | 496.00 | 97.00 | 593.00 | OK | |
r-patched-linux-x86_64 | 3.7.6 | 468.18 | 40.51 | 508.69 | OK | |
r-release-linux-x86_64 | 3.7.6 | 456.92 | 40.83 | 497.75 | OK | |
r-release-macos-arm64 | 3.7.6 | 172.00 | NOTE | |||
r-release-macos-x86_64 | 3.7.6 | 160.00 | NOTE | |||
r-release-windows-x86_64 | 3.7.6 | 444.00 | 119.00 | 563.00 | OK | |
r-oldrel-macos-arm64 | 3.7.6 | 158.00 | NOTE | |||
r-oldrel-windows-x86_64 | 3.7.6 | 424.00 | 109.00 | 533.00 | OK |
Version: 3.7.6
Check: installed package size
Result: NOTE
installed size is 45.7Mb
sub-directories of 1Mb or more:
libs 44.9Mb
Flavors: r-prerel-macos-arm64, r-release-macos-arm64, r-release-macos-x86_64, r-oldrel-macos-arm64