CRAN Package Check Results for Package phylocanvas

Last updated on 2025-01-19 05:49:16 CET.

Flavor Version Tinstall Tcheck Ttotal Status Flags
r-devel-linux-x86_64-debian-clang 0.1.3 8.52 73.09 81.61 OK
r-devel-linux-x86_64-debian-gcc 0.1.3 5.92 54.60 60.52 OK
r-devel-linux-x86_64-fedora-clang 0.1.3 132.48 OK
r-devel-linux-x86_64-fedora-gcc 0.1.3 145.56 OK
r-devel-windows-x86_64 0.1.3 9.00 85.00 94.00 OK
r-patched-linux-x86_64 0.1.3 7.43 67.56 74.99 NOTE
r-release-linux-x86_64 0.1.3 7.93 68.02 75.95 NOTE
r-release-macos-arm64 0.1.3 44.00 NOTE
r-release-macos-x86_64 0.1.3 63.00 NOTE
r-release-windows-x86_64 0.1.3 10.00 92.00 102.00 NOTE
r-oldrel-macos-arm64 0.1.3 47.00 NOTE
r-oldrel-macos-x86_64 0.1.3 82.00 NOTE
r-oldrel-windows-x86_64 0.1.3 12.00 95.00 107.00 NOTE

Check Details

Version: 0.1.3
Check: LazyData
Result: NOTE 'LazyData' is specified without a 'data' directory Flavors: r-patched-linux-x86_64, r-release-linux-x86_64, r-release-macos-arm64, r-release-macos-x86_64, r-release-windows-x86_64, r-oldrel-macos-arm64, r-oldrel-macos-x86_64, r-oldrel-windows-x86_64