Last updated on 2024-04-24 19:55:17 CEST.
Flavor | Version | Tinstall | Tcheck | Ttotal | Status | Flags |
---|---|---|---|---|---|---|
r-devel-linux-x86_64-debian-clang | 0.1.3 | 8.88 | 92.32 | 101.20 | NOTE | |
r-devel-linux-x86_64-debian-gcc | 0.1.3 | 5.68 | 68.87 | 74.55 | NOTE | |
r-devel-linux-x86_64-fedora-clang | 0.1.3 | 134.30 | NOTE | |||
r-devel-linux-x86_64-fedora-gcc | 0.1.3 | 135.49 | NOTE | |||
r-devel-windows-x86_64 | 0.1.3 | 9.00 | 84.00 | 93.00 | NOTE | |
r-patched-linux-x86_64 | 0.1.3 | 5.73 | 87.93 | 93.66 | NOTE | |
r-release-linux-x86_64 | 0.1.3 | 6.23 | 89.19 | 95.42 | NOTE | |
r-release-macos-arm64 | 0.1.3 | 47.00 | NOTE | |||
r-release-windows-x86_64 | 0.1.3 | 9.00 | 82.00 | 91.00 | NOTE | |
r-oldrel-macos-arm64 | 0.1.3 | 36.00 | NOTE | |||
r-oldrel-macos-x86_64 | 0.1.3 | 82.00 | NOTE | |||
r-oldrel-windows-x86_64 | 0.1.3 | 13.00 | 96.00 | 109.00 | NOTE |
Version: 0.1.3
Check: LazyData
Result: NOTE
'LazyData' is specified without a 'data' directory
Flavors: r-devel-linux-x86_64-debian-clang, r-devel-linux-x86_64-debian-gcc, r-devel-linux-x86_64-fedora-clang, r-devel-linux-x86_64-fedora-gcc, r-devel-windows-x86_64, r-patched-linux-x86_64, r-release-linux-x86_64, r-release-macos-arm64, r-release-windows-x86_64, r-oldrel-macos-arm64, r-oldrel-macos-x86_64, r-oldrel-windows-x86_64