CRAN Package Check Results for Package phylopairs

Last updated on 2025-01-19 05:49:16 CET.

Flavor Version Tinstall Tcheck Ttotal Status Flags
r-devel-linux-x86_64-debian-clang 0.1.0 351.21 153.52 504.73 OK
r-devel-linux-x86_64-debian-gcc 0.1.0 333.91 136.20 470.11 OK
r-devel-linux-x86_64-fedora-clang 0.1.0 804.05 OK
r-devel-linux-x86_64-fedora-gcc 0.1.0 1116.93 OK
r-devel-windows-x86_64 0.1.0 339.00 188.00 527.00 OK
r-patched-linux-x86_64 0.1.0 340.08 179.96 520.04 NOTE
r-release-linux-x86_64 0.1.0 434.49 178.84 613.33 NOTE
r-release-macos-arm64 0.1.0 214.00 NOTE
r-release-macos-x86_64 0.1.0 276.00 NOTE
r-release-windows-x86_64 0.1.0 331.00 192.00 523.00 NOTE
r-oldrel-macos-arm64 0.1.0 214.00 NOTE
r-oldrel-macos-x86_64 0.1.0 296.00 NOTE
r-oldrel-windows-x86_64 0.1.0 457.00 235.00 692.00 NOTE

Check Details

Version: 0.1.0
Check: for GNU extensions in Makefiles
Result: NOTE GNU make is a SystemRequirements. Flavors: r-patched-linux-x86_64, r-release-linux-x86_64, r-release-macos-arm64, r-release-macos-x86_64, r-release-windows-x86_64, r-oldrel-macos-arm64, r-oldrel-macos-x86_64, r-oldrel-windows-x86_64

Version: 0.1.0
Check: installed package size
Result: NOTE installed size is 84.8Mb sub-directories of 1Mb or more: libs 84.4Mb Flavors: r-release-macos-arm64, r-release-macos-x86_64, r-oldrel-macos-arm64, r-oldrel-macos-x86_64