Last updated on 2024-05-01 16:53:05 CEST.
Flavor | Version | Tinstall | Tcheck | Ttotal | Status | Flags |
---|---|---|---|---|---|---|
r-devel-linux-x86_64-debian-clang | 0.1.1 | 27.71 | 281.95 | 309.66 | OK | |
r-devel-linux-x86_64-debian-gcc | 0.1.1 | 22.75 | 205.33 | 228.08 | OK | |
r-devel-linux-x86_64-fedora-clang | 0.1.1 | 382.12 | NOTE | |||
r-devel-linux-x86_64-fedora-gcc | 0.1.1 | 203.38 | OK | |||
r-devel-windows-x86_64 | 0.1.1 | 26.00 | 191.00 | 217.00 | OK | |
r-patched-linux-x86_64 | 0.1.1 | 20.44 | 268.76 | 289.20 | OK | |
r-release-linux-x86_64 | 0.1.1 | 19.66 | 268.51 | 288.17 | OK | |
r-release-macos-arm64 | 0.1.1 | 105.00 | OK | |||
r-release-macos-x86_64 | 0.1.1 | 303.00 | OK | |||
r-release-windows-x86_64 | 0.1.1 | 24.00 | 191.00 | 215.00 | OK | |
r-oldrel-macos-arm64 | 0.1.1 | 11.00 | ERROR | |||
r-oldrel-macos-x86_64 | 0.1.1 | 7.00 | ERROR | |||
r-oldrel-windows-x86_64 | 0.1.1 | 32.00 | 254.00 | 286.00 | OK |
Version: 0.1.1
Check: Rd cross-references
Result: NOTE
Undeclared package ‘network’ in Rd xrefs
Flavor: r-devel-linux-x86_64-fedora-clang
Version: 0.1.1
Check: package dependencies
Result: ERROR
Package required but not available: ‘phyloseq’
See section ‘The DESCRIPTION file’ in the ‘Writing R Extensions’
manual.
Flavors: r-oldrel-macos-arm64, r-oldrel-macos-x86_64