Last updated on 2025-01-19 05:49:16 CET.
Flavor | Version | Tinstall | Tcheck | Ttotal | Status | Flags |
---|---|---|---|---|---|---|
r-devel-linux-x86_64-debian-clang | 0.1.0 | 29.01 | 146.43 | 175.44 | OK | |
r-devel-linux-x86_64-debian-gcc | 0.1.0 | 23.07 | 104.42 | 127.49 | OK | |
r-devel-linux-x86_64-fedora-clang | 0.1.0 | 374.82 | OK | |||
r-devel-linux-x86_64-fedora-gcc | 0.1.0 | 341.65 | OK | |||
r-devel-windows-x86_64 | 0.1.0 | 33.00 | 277.00 | 310.00 | OK | |
r-patched-linux-x86_64 | 0.1.0 | 28.33 | 139.98 | 168.31 | OK | |
r-release-linux-x86_64 | 0.1.0 | 31.03 | 138.33 | 169.36 | OK | |
r-release-macos-arm64 | 0.1.0 | 140.00 | NOTE | |||
r-release-macos-x86_64 | 0.1.0 | 243.00 | NOTE | |||
r-release-windows-x86_64 | 0.1.0 | 35.00 | 265.00 | 300.00 | NOTE | |
r-oldrel-macos-arm64 | 0.1.0 | 146.00 | NOTE | |||
r-oldrel-macos-x86_64 | 0.1.0 | 265.00 | NOTE | |||
r-oldrel-windows-x86_64 | 0.1.0 | 39.00 | 263.00 | 302.00 | NOTE |
Version: 0.1.0
Check: installed package size
Result: NOTE
installed size is 5.3Mb
sub-directories of 1Mb or more:
data 1.6Mb
doc 2.1Mb
Flavors: r-release-macos-arm64, r-release-macos-x86_64, r-release-windows-x86_64, r-oldrel-macos-arm64, r-oldrel-macos-x86_64, r-oldrel-windows-x86_64