Last updated on 2024-04-17 13:57:37 CEST.
Flavor | Version | Tinstall | Tcheck | Ttotal | Status | Flags |
---|---|---|---|---|---|---|
r-devel-linux-x86_64-debian-clang | 1.1.0 | 161.65 | 194.27 | 355.92 | NOTE | |
r-devel-linux-x86_64-debian-gcc | 1.1.0 | 140.59 | 140.82 | 281.41 | NOTE | |
r-devel-linux-x86_64-fedora-clang | 1.1.0 | 773.90 | OK | |||
r-devel-linux-x86_64-fedora-gcc | 1.1.0 | 827.48 | OK | |||
r-prerel-macos-arm64 | 1.1.0 | 109.00 | NOTE | |||
r-prerel-windows-x86_64 | 1.1.0 | 163.00 | 504.00 | 667.00 | OK | |
r-patched-linux-x86_64 | 1.1.0 | 174.77 | 178.17 | 352.94 | NOTE | |
r-release-linux-x86_64 | 1.1.0 | 144.35 | 180.06 | 324.41 | NOTE | |
r-release-macos-arm64 | 1.1.0 | 120.00 | NOTE | |||
r-release-macos-x86_64 | 1.1.0 | 207.00 | NOTE | |||
r-release-windows-x86_64 | 1.1.0 | 164.00 | 199.00 | 363.00 | NOTE | |
r-oldrel-macos-arm64 | 1.1.0 | 116.00 | NOTE | |||
r-oldrel-windows-x86_64 | 1.1.0 | 152.00 | 183.00 | 335.00 | NOTE |
Version: 1.1.0
Check: package dependencies
Result: NOTE
Package suggested but not available for checking: ‘INLA’
Flavors: r-devel-linux-x86_64-debian-clang, r-devel-linux-x86_64-debian-gcc, r-prerel-macos-arm64, r-patched-linux-x86_64, r-release-linux-x86_64, r-release-macos-arm64, r-release-windows-x86_64, r-oldrel-macos-arm64, r-oldrel-windows-x86_64
Version: 1.1.0
Check: installed package size
Result: NOTE
installed size is 12.1Mb
sub-directories of 1Mb or more:
doc 2.0Mb
libs 9.6Mb
Flavors: r-prerel-macos-arm64, r-release-macos-arm64, r-release-macos-x86_64, r-oldrel-macos-arm64
Version: 1.1.0
Check: package dependencies
Result: NOTE
Packages suggested but not available for checking: 'INLA', 'DHARMa', 'rr2'
Flavor: r-release-macos-x86_64