CRAN Package Check Results for Package pid

Last updated on 2020-10-23 12:49:39 CEST.

Flavor Version Tinstall Tcheck Ttotal Status Flags
r-devel-linux-x86_64-debian-clang 0.50 5.90 59.43 65.33 OK
r-devel-linux-x86_64-debian-gcc 0.50 4.00 45.25 49.25 OK
r-devel-linux-x86_64-fedora-clang 0.50 86.07 NOTE
r-devel-linux-x86_64-fedora-gcc 0.50 80.01 NOTE
r-devel-windows-ix86+x86_64 0.50 15.00 83.00 98.00 OK
r-patched-linux-x86_64 0.50 5.55 55.80 61.35 OK
r-patched-solaris-x86 0.50 121.30 NOTE
r-release-linux-x86_64 0.50 6.22 54.93 61.15 OK
r-release-macos-x86_64 0.50 NOTE
r-release-windows-ix86+x86_64 0.50 19.00 63.00 82.00 OK
r-oldrel-macos-x86_64 0.50 NOTE
r-oldrel-windows-ix86+x86_64 0.50 12.00 58.00 70.00 OK

Check Details

Version: 0.50
Check: dependencies in R code
Result: NOTE
    Namespace in Imports field not imported from: ‘FrF2.catlg128’
     All declared Imports should be used.
Flavors: r-devel-linux-x86_64-fedora-clang, r-devel-linux-x86_64-fedora-gcc, r-patched-solaris-x86, r-release-macos-x86_64, r-oldrel-macos-x86_64

Version: 0.50
Check: Rd cross-references
Result: NOTE
    Undeclared package ‘BsMD’ in Rd xrefs
Flavor: r-devel-linux-x86_64-fedora-clang