CRAN Package Check Results for Package pipeliner

Last updated on 2025-01-19 05:49:16 CET.

Flavor Version Tinstall Tcheck Ttotal Status Flags
r-devel-linux-x86_64-debian-clang 0.1.1 1.91 26.81 28.72 OK
r-devel-linux-x86_64-debian-gcc 0.1.1 1.53 20.99 22.52 OK
r-devel-linux-x86_64-fedora-clang 0.1.1 46.98 OK
r-devel-linux-x86_64-fedora-gcc 0.1.1 61.73 OK
r-devel-windows-x86_64 0.1.1 3.00 60.00 63.00 OK
r-patched-linux-x86_64 0.1.1 1.91 25.62 27.53 NOTE
r-release-linux-x86_64 0.1.1 1.53 25.47 27.00 NOTE
r-release-macos-arm64 0.1.1 24.00 NOTE
r-release-macos-x86_64 0.1.1 35.00 NOTE
r-release-windows-x86_64 0.1.1 4.00 55.00 59.00 NOTE
r-oldrel-macos-arm64 0.1.1 24.00 NOTE
r-oldrel-macos-x86_64 0.1.1 35.00 NOTE
r-oldrel-windows-x86_64 0.1.1 4.00 52.00 56.00 NOTE

Check Details

Version: 0.1.1
Check: LazyData
Result: NOTE 'LazyData' is specified without a 'data' directory Flavors: r-patched-linux-x86_64, r-release-linux-x86_64, r-release-macos-arm64, r-release-macos-x86_64, r-release-windows-x86_64, r-oldrel-macos-arm64, r-oldrel-macos-x86_64, r-oldrel-windows-x86_64