Last updated on 2025-01-19 05:49:16 CET.
Flavor | Version | Tinstall | Tcheck | Ttotal | Status | Flags |
---|---|---|---|---|---|---|
r-devel-linux-x86_64-debian-clang | 0.2.2 | 63.89 | 62.01 | 125.90 | OK | |
r-devel-linux-x86_64-debian-gcc | 0.2.2 | 52.98 | 49.55 | 102.53 | OK | |
r-devel-linux-x86_64-fedora-clang | 0.2.2 | 197.85 | OK | |||
r-devel-linux-x86_64-fedora-gcc | 0.2.2 | 265.30 | OK | |||
r-devel-windows-x86_64 | 0.2.2 | 55.00 | 95.00 | 150.00 | OK | |
r-patched-linux-x86_64 | 0.2.2 | 72.81 | 62.73 | 135.54 | OK | |
r-release-linux-x86_64 | 0.2.2 | 72.69 | 62.96 | 135.65 | OK | |
r-release-macos-arm64 | 0.2.2 | 63.00 | NOTE | |||
r-release-macos-x86_64 | 0.2.2 | 109.00 | NOTE | |||
r-release-windows-x86_64 | 0.2.2 | 56.00 | 104.00 | 160.00 | OK | |
r-oldrel-macos-arm64 | 0.2.2 | 80.00 | NOTE | |||
r-oldrel-macos-x86_64 | 0.2.2 | 114.00 | NOTE | |||
r-oldrel-windows-x86_64 | 0.2.2 | 60.00 | 117.00 | 177.00 | OK |
Version: 0.2.2
Check: installed package size
Result: NOTE
installed size is 25.5Mb
sub-directories of 1Mb or more:
libs 25.3Mb
Flavors: r-release-macos-arm64, r-release-macos-x86_64, r-oldrel-macos-arm64, r-oldrel-macos-x86_64