CRAN Package Check Results for Package piratings

Last updated on 2025-01-19 05:49:16 CET.

Flavor Version Tinstall Tcheck Ttotal Status Flags
r-devel-linux-x86_64-debian-clang 0.1.9 1.82 54.91 56.73 OK
r-devel-linux-x86_64-debian-gcc 0.1.9 1.46 38.69 40.15 OK
r-devel-linux-x86_64-fedora-clang 0.1.9 94.00 NOTE
r-devel-linux-x86_64-fedora-gcc 0.1.9 110.77 NOTE
r-devel-windows-x86_64 0.1.9 4.00 73.00 77.00 OK
r-patched-linux-x86_64 0.1.9 1.97 51.32 53.29 OK
r-release-linux-x86_64 0.1.9 1.88 51.53 53.41 OK
r-release-macos-arm64 0.1.9 33.00 OK
r-release-macos-x86_64 0.1.9 54.00 OK
r-release-windows-x86_64 0.1.9 3.00 76.00 79.00 OK
r-oldrel-macos-arm64 0.1.9 37.00 OK
r-oldrel-macos-x86_64 0.1.9 56.00 OK
r-oldrel-windows-x86_64 0.1.9 4.00 75.00 79.00 OK

Check Details

Version: 0.1.9
Check: dependencies in R code
Result: NOTE Namespace in Imports field not imported from: ‘ggplot2’ All declared Imports should be used. Flavors: r-devel-linux-x86_64-fedora-clang, r-devel-linux-x86_64-fedora-gcc