Last updated on 2024-04-17 13:57:38 CEST.
Flavor | Version | Tinstall | Tcheck | Ttotal | Status | Flags |
---|---|---|---|---|---|---|
r-devel-linux-x86_64-debian-clang | 2.0.8 | 11.65 | 198.08 | 209.73 | OK | |
r-devel-linux-x86_64-debian-gcc | 2.0.8 | 8.76 | 145.90 | 154.66 | OK | |
r-devel-linux-x86_64-fedora-clang | 2.0.8 | 253.23 | NOTE | |||
r-devel-linux-x86_64-fedora-gcc | 2.0.8 | 262.41 | OK | |||
r-prerel-macos-arm64 | 2.0.8 | 99.00 | OK | |||
r-prerel-macos-x86_64 | 2.0.8 | 200.00 | OK | |||
r-prerel-windows-x86_64 | 2.0.8 | 13.00 | 140.00 | 153.00 | OK | |
r-patched-linux-x86_64 | 2.0.7 | 10.10 | 164.99 | 175.09 | NOTE | |
r-release-linux-x86_64 | 2.0.8 | 11.77 | 188.80 | 200.57 | OK | |
r-release-macos-arm64 | 2.0.8 | 105.00 | OK | |||
r-release-macos-x86_64 | 2.0.8 | 157.00 | OK | |||
r-release-windows-x86_64 | 2.0.8 | 15.00 | 158.00 | 173.00 | OK | |
r-oldrel-macos-arm64 | 2.0.8 | 97.00 | OK | |||
r-oldrel-windows-x86_64 | 2.0.8 | 16.00 | 157.00 | 173.00 | OK |
Version: 2.0.8
Check: Rd cross-references
Result: NOTE
Undeclared package ‘usethis’ in Rd xrefs
Flavor: r-devel-linux-x86_64-fedora-clang
Version: 2.0.7
Check: Rd files
Result: NOTE
checkRd: (-1) build_reference.Rd:157: Lost braces; missing escapes or markup?
157 | a top-level \code{icons} directory. This should contain {.png} files that are
| ^
Flavor: r-patched-linux-x86_64