CRAN Package Check Results for Package pkggraph

Last updated on 2025-01-19 05:49:16 CET.

Flavor Version Tinstall Tcheck Ttotal Status Flags
r-devel-linux-x86_64-debian-clang 0.2.3 10.42 145.33 155.75 NOTE
r-devel-linux-x86_64-debian-gcc 0.2.3 7.08 104.77 111.85 NOTE
r-devel-linux-x86_64-fedora-clang 0.2.3 247.92 NOTE
r-devel-linux-x86_64-fedora-gcc 0.2.3 256.23 NOTE
r-devel-windows-x86_64 0.2.3 11.00 132.00 143.00 NOTE
r-patched-linux-x86_64 0.2.3 10.20 139.09 149.29 NOTE
r-release-linux-x86_64 0.2.3 10.37 138.44 148.81 NOTE
r-release-macos-arm64 0.2.3 67.00 NOTE
r-release-macos-x86_64 0.2.3 101.00 NOTE
r-release-windows-x86_64 0.2.3 13.00 137.00 150.00 NOTE
r-oldrel-macos-arm64 0.2.3 71.00 NOTE
r-oldrel-macos-x86_64 0.2.3 115.00 NOTE
r-oldrel-windows-x86_64 0.2.3 16.00 160.00 176.00 NOTE

Check Details

Version: 0.2.3
Check: package subdirectories
Result: NOTE Problems with news in ‘NEWS.md’: No news entries found. Flavors: r-devel-linux-x86_64-debian-clang, r-devel-linux-x86_64-debian-gcc, r-devel-linux-x86_64-fedora-clang, r-devel-linux-x86_64-fedora-gcc, r-devel-windows-x86_64, r-patched-linux-x86_64, r-release-linux-x86_64, r-release-macos-arm64, r-release-macos-x86_64, r-release-windows-x86_64, r-oldrel-macos-arm64, r-oldrel-macos-x86_64, r-oldrel-windows-x86_64