CRAN Package Check Results for Package pkgverse

Last updated on 2025-01-19 05:49:16 CET.

Flavor Version Tinstall Tcheck Ttotal Status Flags
r-devel-linux-x86_64-debian-clang 0.0.1 1.78 18.20 19.98 OK
r-devel-linux-x86_64-debian-gcc 0.0.1 1.55 14.71 16.26 OK
r-devel-linux-x86_64-fedora-clang 0.0.1 32.40 OK
r-devel-linux-x86_64-fedora-gcc 0.0.1 32.62 OK
r-devel-windows-x86_64 0.0.1 4.00 41.00 45.00 OK
r-patched-linux-x86_64 0.0.1 1.83 17.17 19.00 NOTE
r-release-linux-x86_64 0.0.1 1.80 17.28 19.08 NOTE
r-release-macos-arm64 0.0.1 15.00 NOTE
r-release-macos-x86_64 0.0.1 21.00 NOTE
r-release-windows-x86_64 0.0.1 5.00 44.00 49.00 NOTE
r-oldrel-macos-arm64 0.0.1 17.00 NOTE
r-oldrel-macos-x86_64 0.0.1 22.00 NOTE
r-oldrel-windows-x86_64 0.0.1 5.00 39.00 44.00 NOTE

Check Details

Version: 0.0.1
Check: LazyData
Result: NOTE 'LazyData' is specified without a 'data' directory Flavors: r-patched-linux-x86_64, r-release-linux-x86_64, r-release-macos-arm64, r-release-macos-x86_64, r-release-windows-x86_64, r-oldrel-macos-arm64, r-oldrel-macos-x86_64, r-oldrel-windows-x86_64