CRAN Package Check Results for Package plac

Last updated on 2025-01-19 05:49:16 CET.

Flavor Version Tinstall Tcheck Ttotal Status Flags
r-devel-linux-x86_64-debian-clang 0.1.3 90.01 67.16 157.17 OK
r-devel-linux-x86_64-debian-gcc 0.1.3 77.04 58.33 135.37 OK
r-devel-linux-x86_64-fedora-clang 0.1.3 256.64 OK
r-devel-linux-x86_64-fedora-gcc 0.1.3 324.18 OK
r-devel-windows-x86_64 0.1.3 86.00 110.00 196.00 OK
r-patched-linux-x86_64 0.1.3 101.82 73.52 175.34 OK
r-release-linux-x86_64 0.1.3 102.73 72.82 175.55 OK
r-release-macos-arm64 0.1.3 75.00 NOTE
r-release-macos-x86_64 0.1.3 87.00 NOTE
r-release-windows-x86_64 0.1.3 83.00 111.00 194.00 OK
r-oldrel-macos-arm64 0.1.3 63.00 NOTE
r-oldrel-macos-x86_64 0.1.3 145.00 NOTE
r-oldrel-windows-x86_64 0.1.3 99.00 129.00 228.00 OK

Check Details

Version: 0.1.3
Check: installed package size
Result: NOTE installed size is 28.9Mb sub-directories of 1Mb or more: libs 28.8Mb Flavors: r-release-macos-arm64, r-release-macos-x86_64, r-oldrel-macos-arm64, r-oldrel-macos-x86_64