Last updated on 2025-02-08 20:48:31 CET.
Flavor | Version | Tinstall | Tcheck | Ttotal | Status | Flags |
---|---|---|---|---|---|---|
r-devel-linux-x86_64-debian-clang | 0.2.1 | 26.55 | 226.90 | 253.45 | NOTE | |
r-devel-linux-x86_64-debian-gcc | 0.2.1 | 17.71 | 141.64 | 159.35 | NOTE | |
r-devel-linux-x86_64-fedora-clang | 0.2.1 | 413.66 | OK | |||
r-devel-linux-x86_64-fedora-gcc | 0.2.1 | 383.49 | OK | |||
r-devel-windows-x86_64 | 0.2.1 | 23.00 | 174.00 | 197.00 | NOTE | |
r-patched-linux-x86_64 | 0.2.1 | 29.99 | 213.68 | 243.67 | OK | |
r-release-linux-x86_64 | 0.2.1 | 25.50 | 216.12 | 241.62 | OK | |
r-release-macos-arm64 | 0.2.1 | 80.00 | OK | |||
r-release-macos-x86_64 | 0.2.1 | 138.00 | OK | |||
r-release-windows-x86_64 | 0.2.1 | 25.00 | 173.00 | 198.00 | OK | |
r-oldrel-macos-arm64 | 0.2.1 | 76.00 | OK | |||
r-oldrel-macos-x86_64 | 0.2.1 | 252.00 | OK | |||
r-oldrel-windows-x86_64 | 0.2.1 | 32.00 | 237.00 | 269.00 | OK |
Version: 0.2.1
Check: Rd cross-references
Result: NOTE
Found the following Rd file(s) with Rd \link{} targets missing package
anchors:
plainView.Rd: raster, levelplot, brick
plainViewOutput.Rd: shinyWidgetOutput
Please provide package anchors for all Rd \link{} targets not in the
package itself and the base packages.
Flavors: r-devel-linux-x86_64-debian-clang, r-devel-linux-x86_64-debian-gcc, r-devel-windows-x86_64