Last updated on 2025-01-19 05:49:17 CET.
Flavor | Version | Tinstall | Tcheck | Ttotal | Status | Flags |
---|---|---|---|---|---|---|
r-devel-linux-x86_64-debian-clang | 0.1.0 | 6.39 | 49.76 | 56.15 | OK | |
r-devel-linux-x86_64-debian-gcc | 0.1.0 | 5.54 | 35.59 | 41.13 | OK | |
r-devel-linux-x86_64-fedora-clang | 0.1.0 | 87.95 | NOTE | |||
r-devel-linux-x86_64-fedora-gcc | 0.1.0 | 84.03 | NOTE | |||
r-devel-windows-x86_64 | 0.1.0 | 11.00 | 72.00 | 83.00 | OK | |
r-patched-linux-x86_64 | 0.1.0 | 6.96 | 44.57 | 51.53 | OK | |
r-release-linux-x86_64 | 0.1.0 | 5.52 | 44.69 | 50.21 | OK | |
r-release-macos-arm64 | 0.1.0 | 30.00 | OK | |||
r-release-macos-x86_64 | 0.1.0 | 43.00 | OK | |||
r-release-windows-x86_64 | 0.1.0 | 10.00 | 72.00 | 82.00 | OK | |
r-oldrel-macos-arm64 | 0.1.0 | 30.00 | OK | |||
r-oldrel-macos-x86_64 | 0.1.0 | 44.00 | OK | |||
r-oldrel-windows-x86_64 | 0.1.0 | 13.00 | 76.00 | 89.00 | OK |
Version: 0.1.0
Check: dependencies in R code
Result: NOTE
Namespace in Imports field not imported from: ‘mapproj’
All declared Imports should be used.
Flavors: r-devel-linux-x86_64-fedora-clang, r-devel-linux-x86_64-fedora-gcc