CRAN Package Check Results for Package plotGMM

Last updated on 2025-01-19 05:49:17 CET.

Flavor Version Tinstall Tcheck Ttotal Status Flags
r-devel-linux-x86_64-debian-clang 0.2.2 1.71 35.00 36.71 OK
r-devel-linux-x86_64-debian-gcc 0.2.2 1.41 26.61 28.02 OK
r-devel-linux-x86_64-fedora-clang 0.2.2 59.68 OK
r-devel-linux-x86_64-fedora-gcc 0.2.2 58.62 OK
r-devel-windows-x86_64 0.2.2 3.00 60.00 63.00 OK
r-patched-linux-x86_64 0.2.2 1.66 32.90 34.56 NOTE
r-release-linux-x86_64 0.2.2 1.65 33.18 34.83 NOTE
r-release-macos-arm64 0.2.2 25.00 NOTE
r-release-macos-x86_64 0.2.2 31.00 NOTE
r-release-windows-x86_64 0.2.2 4.00 60.00 64.00 NOTE
r-oldrel-macos-arm64 0.2.2 23.00 NOTE
r-oldrel-macos-x86_64 0.2.2 30.00 NOTE
r-oldrel-windows-x86_64 0.2.2 3.00 65.00 68.00 NOTE

Check Details

Version: 0.2.2
Check: LazyData
Result: NOTE 'LazyData' is specified without a 'data' directory Flavors: r-patched-linux-x86_64, r-release-linux-x86_64, r-release-macos-arm64, r-release-macos-x86_64, r-release-windows-x86_64, r-oldrel-macos-arm64, r-oldrel-macos-x86_64, r-oldrel-windows-x86_64