Last updated on 2025-01-19 05:49:17 CET.
Flavor | Version | Tinstall | Tcheck | Ttotal | Status | Flags |
---|---|---|---|---|---|---|
r-devel-linux-x86_64-debian-clang | 0.1.5 | 4.19 | 36.03 | 40.22 | OK | |
r-devel-linux-x86_64-debian-gcc | 0.1.5 | 3.25 | 27.16 | 30.41 | OK | |
r-devel-linux-x86_64-fedora-clang | 0.1.5 | 63.56 | OK | |||
r-devel-linux-x86_64-fedora-gcc | 0.1.5 | 63.40 | OK | |||
r-devel-windows-x86_64 | 0.1.5 | 7.00 | 60.00 | 67.00 | OK | |
r-patched-linux-x86_64 | 0.1.5 | 4.04 | 33.61 | 37.65 | NOTE | |
r-release-linux-x86_64 | 0.1.5 | 3.47 | 33.57 | 37.04 | NOTE | |
r-release-macos-arm64 | 0.1.5 | 24.00 | NOTE | |||
r-release-macos-x86_64 | 0.1.5 | 34.00 | NOTE | |||
r-release-windows-x86_64 | 0.1.5 | 5.00 | 55.00 | 60.00 | NOTE | |
r-oldrel-macos-arm64 | 0.1.5 | 25.00 | NOTE | |||
r-oldrel-macos-x86_64 | 0.1.5 | 33.00 | NOTE | |||
r-oldrel-windows-x86_64 | 0.1.5 | 7.00 | 59.00 | 66.00 | NOTE |
Version: 0.1.5
Check: LazyData
Result: NOTE
'LazyData' is specified without a 'data' directory
Flavors: r-patched-linux-x86_64, r-release-linux-x86_64, r-release-macos-arm64, r-release-macos-x86_64, r-release-windows-x86_64, r-oldrel-macos-arm64, r-oldrel-macos-x86_64, r-oldrel-windows-x86_64