Last updated on 2025-01-19 05:49:17 CET.
Flavor | Version | Tinstall | Tcheck | Ttotal | Status | Flags |
---|---|---|---|---|---|---|
r-devel-linux-x86_64-debian-clang | 2.4 | 12.69 | 64.95 | 77.64 | OK | |
r-devel-linux-x86_64-debian-gcc | 2.4 | 9.32 | 47.61 | 56.93 | OK | |
r-devel-linux-x86_64-fedora-clang | 2.4 | 127.64 | OK | |||
r-devel-linux-x86_64-fedora-gcc | 2.4 | 122.04 | OK | |||
r-devel-windows-x86_64 | 2.4 | 19.00 | 92.00 | 111.00 | OK | |
r-patched-linux-x86_64 | 2.4 | 12.50 | 59.44 | 71.94 | NOTE | |
r-release-linux-x86_64 | 2.4 | 12.78 | 59.98 | 72.76 | NOTE | |
r-release-macos-arm64 | 2.4 | 39.00 | NOTE | |||
r-release-macos-x86_64 | 2.4 | 59.00 | NOTE | |||
r-release-windows-x86_64 | 2.4 | 16.00 | 95.00 | 111.00 | NOTE | |
r-oldrel-macos-arm64 | 2.4 | 44.00 | NOTE | |||
r-oldrel-macos-x86_64 | 2.4 | 63.00 | NOTE | |||
r-oldrel-windows-x86_64 | 2.4 | 21.00 | 109.00 | 130.00 | NOTE |
Version: 2.4
Check: LazyData
Result: NOTE
'LazyData' is specified without a 'data' directory
Flavors: r-patched-linux-x86_64, r-release-linux-x86_64, r-release-macos-arm64, r-release-macos-x86_64, r-release-windows-x86_64, r-oldrel-macos-arm64, r-oldrel-macos-x86_64, r-oldrel-windows-x86_64