Last updated on 2025-01-19 05:49:17 CET.
Flavor | Version | Tinstall | Tcheck | Ttotal | Status | Flags |
---|---|---|---|---|---|---|
r-devel-linux-x86_64-debian-clang | 0.1.9 | 7.47 | 59.50 | 66.97 | OK | |
r-devel-linux-x86_64-debian-gcc | 0.1.9 | 4.90 | 40.84 | 45.74 | OK | |
r-devel-linux-x86_64-fedora-clang | 0.1.9 | 109.00 | OK | |||
r-devel-linux-x86_64-fedora-gcc | 0.1.9 | 103.93 | OK | |||
r-devel-windows-x86_64 | 0.1.9 | 10.00 | 80.00 | 90.00 | OK | |
r-patched-linux-x86_64 | 0.1.9 | 7.61 | 54.88 | 62.49 | NOTE | |
r-release-linux-x86_64 | 0.1.9 | 6.91 | 54.64 | 61.55 | NOTE | |
r-release-macos-arm64 | 0.1.9 | 33.00 | NOTE | |||
r-release-macos-x86_64 | 0.1.9 | 46.00 | NOTE | |||
r-release-windows-x86_64 | 0.1.9 | 8.00 | 82.00 | 90.00 | NOTE | |
r-oldrel-macos-arm64 | 0.1.9 | 34.00 | NOTE | |||
r-oldrel-macos-x86_64 | 0.1.9 | 52.00 | NOTE | |||
r-oldrel-windows-x86_64 | 0.1.9 | 10.00 | 90.00 | 100.00 | NOTE |
Version: 0.1.9
Check: LazyData
Result: NOTE
'LazyData' is specified without a 'data' directory
Flavors: r-patched-linux-x86_64, r-release-linux-x86_64, r-release-macos-arm64, r-release-macos-x86_64, r-release-windows-x86_64, r-oldrel-macos-arm64, r-oldrel-macos-x86_64, r-oldrel-windows-x86_64