Last updated on 2025-01-19 05:49:17 CET.
Flavor | Version | Tinstall | Tcheck | Ttotal | Status | Flags |
---|---|---|---|---|---|---|
r-devel-linux-x86_64-debian-clang | 2.8-5 | 6.20 | 56.52 | 62.72 | OK | |
r-devel-linux-x86_64-debian-gcc | 2.8-5 | 3.87 | 39.81 | 43.68 | OK | |
r-devel-linux-x86_64-fedora-clang | 2.8-5 | 105.95 | OK | |||
r-devel-linux-x86_64-fedora-gcc | 2.8-5 | 114.59 | OK | |||
r-devel-windows-x86_64 | 2.8-5 | 8.00 | 99.00 | 107.00 | OK | |
r-patched-linux-x86_64 | 2.8-5 | 6.56 | 53.96 | 60.52 | OK | |
r-release-linux-x86_64 | 2.8-5 | 5.12 | 53.93 | 59.05 | OK | |
r-release-macos-arm64 | 2.8-5 | 59.00 | NOTE | |||
r-release-macos-x86_64 | 2.8-5 | 89.00 | NOTE | |||
r-release-windows-x86_64 | 2.8-5 | 7.00 | 96.00 | 103.00 | OK | |
r-oldrel-macos-arm64 | 2.8-5 | 54.00 | NOTE | |||
r-oldrel-macos-x86_64 | 2.8-5 | 85.00 | NOTE | |||
r-oldrel-windows-x86_64 | 2.8-5 | 7.00 | 102.00 | 109.00 | OK |
Version: 2.8-5
Check: package dependencies
Result: NOTE
Package suggested but not available for checking: ‘Rmpi’
Flavors: r-release-macos-arm64, r-release-macos-x86_64, r-oldrel-macos-arm64, r-oldrel-macos-x86_64