Last updated on 2025-01-19 05:49:17 CET.
Flavor | Version | Tinstall | Tcheck | Ttotal | Status | Flags |
---|---|---|---|---|---|---|
r-devel-linux-x86_64-debian-clang | 1.0 | 4.29 | 45.70 | 49.99 | NOTE | |
r-devel-linux-x86_64-debian-gcc | 1.0 | 3.41 | 32.87 | 36.28 | NOTE | |
r-devel-linux-x86_64-fedora-clang | 1.0 | 81.38 | OK | |||
r-devel-linux-x86_64-fedora-gcc | 1.0 | 76.70 | OK | |||
r-devel-windows-x86_64 | 1.0 | 6.00 | 65.00 | 71.00 | NOTE | |
r-patched-linux-x86_64 | 1.0 | 9.48 | 42.47 | 51.95 | OK | |
r-release-linux-x86_64 | 1.0 | 5.05 | 42.98 | 48.03 | OK | |
r-release-macos-arm64 | 1.0 | 26.00 | OK | |||
r-release-macos-x86_64 | 1.0 | 39.00 | OK | |||
r-release-windows-x86_64 | 1.0 | 7.00 | 63.00 | 70.00 | OK | |
r-oldrel-macos-arm64 | 1.0 | 30.00 | OK | |||
r-oldrel-macos-x86_64 | 1.0 | 42.00 | OK | |||
r-oldrel-windows-x86_64 | 1.0 | 8.00 | 70.00 | 78.00 | OK |
Version: 1.0
Check: Rd cross-references
Result: NOTE
Found the following Rd file(s) with Rd \link{} targets missing package
anchors:
plte_builder.Rd: qi_builder
Please provide package anchors for all Rd \link{} targets not in the
package itself and the base packages.
Flavors: r-devel-linux-x86_64-debian-clang, r-devel-linux-x86_64-debian-gcc, r-devel-windows-x86_64