Last updated on 2024-05-01 16:53:05 CEST.
Flavor | Version | Tinstall | Tcheck | Ttotal | Status | Flags |
---|---|---|---|---|---|---|
r-devel-linux-x86_64-debian-clang | 0.3.0 | 6.61 | 44.08 | 50.69 | NOTE | |
r-devel-linux-x86_64-debian-gcc | 0.3.0 | 6.15 | 33.13 | 39.28 | NOTE | |
r-devel-linux-x86_64-fedora-clang | 0.3.0 | 63.74 | NOTE | |||
r-devel-linux-x86_64-fedora-gcc | 0.3.0 | 61.54 | NOTE | |||
r-devel-windows-x86_64 | 0.3.0 | 9.00 | 54.00 | 63.00 | NOTE | |
r-patched-linux-x86_64 | 0.3.0 | 8.61 | 42.57 | 51.18 | NOTE | |
r-release-linux-x86_64 | 0.3.0 | 6.12 | 42.73 | 48.85 | NOTE | |
r-release-macos-arm64 | 0.3.0 | 26.00 | NOTE | |||
r-release-windows-x86_64 | 0.3.0 | 9.00 | 54.00 | 63.00 | NOTE | |
r-oldrel-macos-arm64 | 0.3.0 | 28.00 | OK | |||
r-oldrel-macos-x86_64 | 0.3.0 | 62.00 | OK | |||
r-oldrel-windows-x86_64 | 0.3.0 | 10.00 | 58.00 | 68.00 | OK |
Version: 0.3.0
Check: Rd files
Result: NOTE
checkRd: (-1) plu_more.Rd:16: Lost braces; missing escapes or markup?
16 | Additional arguments are replaced with "{n} more".
| ^
Flavors: r-devel-linux-x86_64-debian-clang, r-devel-linux-x86_64-debian-gcc, r-devel-linux-x86_64-fedora-clang, r-devel-linux-x86_64-fedora-gcc, r-devel-windows-x86_64, r-patched-linux-x86_64, r-release-linux-x86_64, r-release-macos-arm64, r-release-windows-x86_64