Last updated on 2025-01-19 05:49:17 CET.
Flavor | Version | Tinstall | Tcheck | Ttotal | Status | Flags |
---|---|---|---|---|---|---|
r-devel-linux-x86_64-debian-clang | 1.2.2 | 11.62 | 83.09 | 94.71 | OK | |
r-devel-linux-x86_64-debian-gcc | 1.2.2 | 7.65 | 55.95 | 63.60 | OK | |
r-devel-linux-x86_64-fedora-clang | 1.2.2 | 150.07 | OK | |||
r-devel-linux-x86_64-fedora-gcc | 1.2.2 | 196.64 | OK | |||
r-devel-windows-x86_64 | 1.2.2 | 15.00 | 111.00 | 126.00 | OK | |
r-patched-linux-x86_64 | 1.2.2 | 12.83 | 77.62 | 90.45 | OK | |
r-release-linux-x86_64 | 1.2.2 | 11.99 | 76.44 | 88.43 | OK | |
r-release-macos-arm64 | 1.2.2 | 60.00 | OK | |||
r-release-macos-x86_64 | 1.2.2 | 112.00 | NOTE | |||
r-release-windows-x86_64 | 1.2.2 | 14.00 | 105.00 | 119.00 | OK | |
r-oldrel-macos-arm64 | 1.2.2 | 68.00 | OK | |||
r-oldrel-macos-x86_64 | 1.2.2 | 159.00 | OK | |||
r-oldrel-windows-x86_64 | 1.2.2 | 16.00 | 120.00 | 136.00 | OK |
Version: 1.2.2
Check: package dependencies
Result: NOTE
Package suggested but not available for checking: ‘arrow’
Flavor: r-release-macos-x86_64
Version: 1.2.2
Check: Rd cross-references
Result: NOTE
Package unavailable to check Rd xrefs: ‘arrow’
Flavor: r-release-macos-x86_64