Last updated on 2024-05-01 16:53:05 CEST.
Flavor | Version | Tinstall | Tcheck | Ttotal | Status | Flags |
---|---|---|---|---|---|---|
r-devel-linux-x86_64-debian-clang | 0.2.1 | 7.20 | 162.90 | 170.10 | OK | |
r-devel-linux-x86_64-debian-gcc | 0.2.1 | 3.68 | 123.23 | 126.91 | OK | |
r-devel-linux-x86_64-fedora-clang | 0.2.1 | 214.99 | NOTE | |||
r-devel-linux-x86_64-fedora-gcc | 0.2.1 | 236.85 | NOTE | |||
r-devel-windows-x86_64 | 0.2.1 | 7.00 | 167.00 | 174.00 | OK | |
r-patched-linux-x86_64 | 0.2.1 | 5.20 | 160.72 | 165.92 | OK | |
r-release-linux-x86_64 | 0.2.1 | 4.17 | 162.15 | 166.32 | OK | |
r-release-macos-arm64 | 0.2.1 | 80.00 | OK | |||
r-release-macos-x86_64 | 0.2.1 | 133.00 | OK | |||
r-release-windows-x86_64 | 0.2.1 | 8.00 | 171.00 | 179.00 | OK | |
r-oldrel-macos-arm64 | 0.2.1 | 77.00 | NOTE | |||
r-oldrel-macos-x86_64 | 0.2.1 | 113.00 | NOTE | |||
r-oldrel-windows-x86_64 | 0.2.1 | 11.00 | 178.00 | 189.00 | OK |
Version: 0.2.1
Check: data for non-ASCII characters
Result: NOTE
Note: found 62 marked UTF-8 strings
Flavors: r-devel-linux-x86_64-fedora-clang, r-devel-linux-x86_64-fedora-gcc
Version: 0.2.1
Check: package dependencies
Result: NOTE
Package suggested but not available for checking: ‘MSnbase’
Flavors: r-oldrel-macos-arm64, r-oldrel-macos-x86_64