CRAN Package Check Results for Package png

Last updated on 2020-09-19 12:51:46 CEST.

Flavor Version Tinstall Tcheck Ttotal Status Flags
r-devel-linux-x86_64-debian-clang 0.1-7 3.02 17.64 20.66 OK
r-devel-linux-x86_64-debian-gcc 0.1-7 2.20 14.09 16.29 OK
r-devel-linux-x86_64-fedora-clang 0.1-7 36.46 NOTE
r-devel-linux-x86_64-fedora-gcc 0.1-7 25.08 NOTE
r-devel-windows-ix86+x86_64 0.1-7 12.00 50.00 62.00 OK
r-patched-linux-x86_64 0.1-7 2.44 17.58 20.02 OK
r-patched-solaris-x86 0.1-7 39.30 OK
r-release-linux-x86_64 0.1-7 2.61 17.83 20.44 OK
r-release-macos-x86_64 0.1-7 OK
r-release-windows-ix86+x86_64 0.1-7 12.00 41.00 53.00 OK
r-oldrel-macos-x86_64 0.1-7 OK
r-oldrel-windows-ix86+x86_64 0.1-7 12.00 53.00 65.00 OK

Check Details

Version: 0.1-7
Check: compiled code
Result: NOTE
    File ‘png/libs/png.so’:
     Found no calls to: ‘R_registerRoutines’, ‘R_useDynamicSymbols’
    
    It is good practice to register native routines and to disable symbol
    search.
    
    See ‘Writing portable packages’ in the ‘Writing R Extensions’ manual.
Flavors: r-devel-linux-x86_64-fedora-clang, r-devel-linux-x86_64-fedora-gcc