Last updated on 2025-01-19 05:49:17 CET.
Flavor | Version | Tinstall | Tcheck | Ttotal | Status | Flags |
---|---|---|---|---|---|---|
r-devel-linux-x86_64-debian-clang | 1.6.0.1 | 3.66 | 42.46 | 46.12 | NOTE | |
r-devel-linux-x86_64-debian-gcc | 1.6.0.1 | 2.74 | 30.69 | 33.43 | NOTE | |
r-devel-linux-x86_64-fedora-clang | 1.6.0.1 | 73.36 | NOTE | |||
r-devel-linux-x86_64-fedora-gcc | 1.6.0.1 | 74.84 | NOTE | |||
r-devel-windows-x86_64 | 1.6.0.1 | 8.00 | 72.00 | 80.00 | NOTE | |
r-patched-linux-x86_64 | 1.6.0.1 | 3.68 | 40.20 | 43.88 | NOTE | |
r-release-linux-x86_64 | 1.6.0.1 | 3.15 | 40.71 | 43.86 | NOTE | |
r-release-macos-arm64 | 1.6.0.1 | 25.00 | NOTE | |||
r-release-macos-x86_64 | 1.6.0.1 | 38.00 | NOTE | |||
r-release-windows-x86_64 | 1.6.0.1 | 7.00 | 79.00 | 86.00 | NOTE | |
r-oldrel-macos-arm64 | 1.6.0.1 | 30.00 | NOTE | |||
r-oldrel-macos-x86_64 | 1.6.0.1 | 40.00 | NOTE | |||
r-oldrel-windows-x86_64 | 1.6.0.1 | 7.00 | 73.00 | 80.00 | NOTE |
Version: 1.6.0.1
Check: Rd files
Result: NOTE
checkRd: (-1) carcinoma.Rd:8: Escaped LaTeX specials: \&
checkRd: (-1) poLCA.Rd:63: Escaped LaTeX specials: \&
checkRd: (-1) poLCA.Rd:69: Escaped LaTeX specials: \&
Flavors: r-devel-linux-x86_64-debian-clang, r-devel-linux-x86_64-debian-gcc, r-devel-linux-x86_64-fedora-clang, r-devel-linux-x86_64-fedora-gcc, r-devel-windows-x86_64, r-patched-linux-x86_64, r-release-linux-x86_64, r-release-macos-arm64, r-release-macos-x86_64, r-release-windows-x86_64, r-oldrel-macos-arm64, r-oldrel-macos-x86_64, r-oldrel-windows-x86_64